 25. Calculate the remainder when 44 is divided by s.
12
Let r(t) = 9*t**2 + t. Let y be r(-1). Suppose 4*p = 2*p + y. Calculate the remainder when 10 is divided by p.
2
Suppose -n = 0, -3*a + 5*n = -a - 142. Calculate the remainder when a is divided by 18.
17
Let x = -5 + 10. Suppose -5*h + 0*h = -b - 101, -h = -x*b - 1. What is the remainder when (-1)/(-3) - (-182)/3 is divided by h?
19
Let a be (-5)/(((-4)/(-2))/(-2)). Let c = a - -9. Let h = 9 - 5. Calculate the remainder when c is divided by h.
2
Let b(w) = -w**3 - 7*w**2 - 6*w + 8. Let p = -3 + 3. What is the remainder when b(-6) is divided by 6 - 3 - p/(-2)?
2
Suppose 0*b = 8*b - 8. Let l(d) = d**2 + 2*d - 3. Let n be l(-3). Let y = n + b. What is the remainder when y is divided by 1?
0
Let c(w) = w**3 + 7*w**2 + 5*w. What is the remainder when 21 is divided by c(-6)?
3
Suppose -3*z + 0*z = -36. Let i(n) = n**2 - 8*n - 19. What is the remainder when i(13) is divided by z?
10
Calculate the remainder when (-2002)/(-18) + (-12)/54 is divided by 28.
27
What is the remainder when 125 is divided by ((-24)/9)/(6/(-36))?
13
Calculate the remainder when (12/(-15))/(1/(-30)) is divided by 9.
6
Let p = 9 + -3. Calculate the remainder when 10 + (-1 - 0)*0 is divided by p.
4
Let u(v) = -4*v - 3*v**2 - 7 - 5*v**2 - v**3 + 3*v**2. What is the remainder when u(-5) is divided by 7?
6
Suppose 8*r - 369 = 463. Calculate the remainder when r is divided by 54.
50
Let z(b) = -2*b - 3. Suppose -n - u + 5 = 0, -5*n + 4*n = 4*u - 8. Let i = -7 + n. What is the remainder when 7 is divided by z(i)?
1
Suppose 2*u - 5 = -t + 5, 3*u = 3*t + 24. What is the remainder when 4 + 22/(u + -4) is divided by 8?
7
Calculate the remainder when 92 is divided by (-12)/8 + (-2 - (-135)/6).
16
Suppose 0 = 4*h + 4*i - 92, -3*h = -0*h - i - 65. Let d = -4 + 6. What is the remainder when h is divided by 12 + (d - (2 - 0))?
10
Let i = -7 - -26. Calculate the remainder when 1 + (55 - (-1)/(-1)) is divided by i.
17
Suppose b = -4*r + 21, 4*b - 93 = 3*r + 10. Calculate the remainder when b is divided by 9.
7
Suppose 3*l = l - p + 41, -2*l + 39 = 3*p. What is the remainder when 81 is divided by l?
18
Let b be (-35)/(-3) - (-3)/9. Suppose -5*d + 4*d + b = 0. Calculate the remainder when 47 is divided by d.
11
Suppose f + 7 = l, 0 = -3*l + 2*l - 5*f - 23. Suppose l*u + u = 5*v - 41, v + 2*u - 16 = 0. What is the remainder when v is divided by 6?
4
Suppose 5*y - a = 14, -5*y - a + 5 = -11. Suppose -y*l + 77 = 4*h, l + 0 = h + 35. Calculate the remainder when l is divided by 11.
9
Let k(z) = z + 6. Let d be k(-7). What is the remainder when ((-85)/d)/(0 + 1) is divided by 22?
19
Let j = 16 - 5. Suppose 7*s - 4*s - 9 = 0. Calculate the remainder when j is divided by s.
2
Let d = -5 + 6. Suppose v + 1 + d = 0. Let a = 7 + v. What is the remainder when 19 is divided by a?
4
Let d = -11 - -15. Suppose d = 4*q + a - 15, -2*q - 13 = 5*a. Calculate the remainder when q is divided by 4.
2
Let w(t) = -t**3 - 8*t**2 + 13*t + 14. Calculate the remainder when w(-10) is divided by 43.
41
Suppose 0 = -3*b - b + 240. Calculate the remainder when b is divided by 9.
6
Suppose -2*s - 2 = -36. Suppose s = 3*v - j, 4*j + 27 = 3*v + 4. What is the remainder when 7 is divided by v?
2
Suppose 18 = 2*o + o. Let m = 6 - o. Suppose -4*n + 40 = -m. Calculate the remainder when 17 is divided by n.
7
Suppose 5*q + 6 + 4 = 0. Let m(y) = 6*y**2 + y. What is the remainder when m(q) is divided by 8?
6
Suppose 2 = f, -61 = -5*u + 4*f - 2*f. What is the remainder when 23 is divided by u?
10
Suppose 3*g - 5 = -14. Let c = 17 + g. Let b = 34 - -6. What is the remainder when b is divided by c?
12
Let u(m) = -m**2 - 9*m - 6. Let z be u(-8). Suppose z*o + 5 = -3. What is the remainder when 13 is divided by (15/12)/((-1)/o)?
3
Let o(g) = -g**2 - g + 4. Let d(w) = -2*w**2 - 3*w + 7. Let k(t) = 2*d(t) - 5*o(t). Calculate the remainder when k(5) is divided by 8.
6
Calculate the remainder when 251 is divided by 10*10/25*9.
35
Let k = 150 - 11. Calculate the remainder when k is divided by 36.
31
Let u = 34 - 20. What is the remainder when u is divided by (-23)/(-3) - (-1)/15*5?
6
Suppose -j = -2*v + 4 + 6, 4*j = -v + 5. Suppose -4*p + 84 = 3*c, 18 + 3 = p + v*c. What is the remainder when p is divided by 12?
9
Let q(h) = -3*h - 4. Calculate the remainder when 19 is divided by q(-3).
4
Let w(a) = -9 + 11 - 5*a + a. Calculate the remainder when 39 is divided by w(-3).
11
Let h = 0 + 2. Suppose -2*y + 50 = 5*a, a + 2*y + 22 = h*a. Calculate the remainder when 34 is divided by a.
10
Let n(g) be the second derivative of -4*g**5/5 - g**4/6 - g**3/3 - g**2/2 - 3*g. Calculate the remainder when 29 is divided by n(-1).
14
Let v = -141 + 312. Calculate the remainder when v is divided by 43.
42
Calculate the remainder when 18 is divided by (10/6)/(1/3).
3
Suppose -3*d + 5 = o - 12, 4*d = -3*o + 21. What is the remainder when d is divided by 4?
2
Suppose 5 + 11 = 4*t. Suppose -t*x + 16 = -16. What is the remainder when 21 is divided by x?
5
Suppose -2*i - 18 = -50. Suppose 2*k = -4*a + 5*k + 30, -5*k = 5*a - 20. What is the remainder when (-464)/(-10) - a/15 is divided by i?
14
Let x(f) = -f. Let q be x(-4). Suppose -3*c = 5*o - 3, c + 6 = -0*c - q*o. Suppose 315 = 39*n - 4*n. What is the remainder when n is divided by c?
3
Let d(a) = a**3 - 2*a + 4. What is the remainder when d(3) is divided by 14?
11
Suppose 3*x - 2*r = 2, 3*x + 2 = 3*r + r. Let z = x - 1. Suppose -z = 2*m - 37. What is the remainder when 34 is divided by m?
16
Let n = 17 + -15. Let f(b) = -4*b**2 + b + 7. Let u(s) = 5*s**2 - s - 8. Let j(t) = 7*f(t) + 6*u(t). What is the remainder when 21 is divided by j(n)?
10
Let l = 6 - -15. Calculate the remainder when ((316 - 4)/(-4))/(-2) is divided by l.
18
Suppose 3*r - r = 3*d - 5, 2*r - 35 = -5*d. Let a be 10/3*6/d. Suppose 5*q + 0*u - 134 = -3*u, 2*q - a*u = 38. What is the remainder when 74 is divided by q?
24
Suppose 2*r + r = 3*u + 15, 5*u = -r + 29. Let s be 4/(-8)*2 + 101. Suppose -s = -2*d - 2*d. What is the remainder when d is divided by r?
7
Suppose -2*q + 158 = 2*r, -5 = 2*r - 1. Calculate the remainder when q is divided by 28.
25
Let o = 13 + 24. What is the remainder when o is divided by 20?
17
What is the remainder when ((-8)/10)/((-18)/315) is divided by 5?
4
Let n(j) = j**3 - 4*j**2 + 4. Let l be n(4). Suppose 124 + 68 = l*s + 4*f, 4*s - 204 = -f. Suppose 2 = 4*w - 70. Calculate the remainder when s is divided by w.
16
Let f = -3 - -12. Let n(m) = m - 1 + 0 + 2*m. Calculate the remainder when n(f) is divided by 9.
8
Suppose 117 = 5*a - r - 32, -2*r - 8 = 0. What is the remainder when 229 is divided by a?
26
Suppose -170 + 23 = -3*d. Calculate the remainder when d is divided by 13.
10
Let f(p) = -p**2 + p + 2. Let t be f(-2). What is the remainder when 22 is divided by (-14)/(-2) - (t + 3)?
6
Suppose 2*z + 2*z - 12 = 0. Suppose z*k = 5*k - 18. Let j = 17 - k. What is the remainder when 15 is divided by j?
7
Let y = 106 + -8. What is the remainder when y is divided by 20?
18
Let q = 2 + -6. Let f = 6 - 0. Calculate the remainder when 3*f*q/(-9) is divided by 3.
2
Suppose 0*c + c = 3*k + 32, -20 = -5*k. What is the remainder when c is divided by 15?
14
Let l be (-3)/(-12) - (-132)/(-16). Suppose -3*v - 28 = 2. Let k = l - v. What is the remainder when k is divided by 2?
0
Let k(a) = -11*a**3 - 30*a**2 - 21*a + 13. Let t(r) = 7*r**3 + 20*r**2 + 14*r - 9. Let q(f) = 5*k(f) + 8*t(f). What is the remainder when q(-9) is divided by 6?
5
Let x(y) = y**3 - 3*y**2 + y - 9. Calculate the remainder when x(4) is divided by 6.
5
Suppose 6*x - 4*x = 4. Let q = -6 - -13. Calculate the remainder when q is divided by x.
1
Let s = 8 - 1. Let d(c) = c. Let b(w) = -w**2 + 6*w + 6. Let l(m) = -b(m) + 3*d(m). What is the remainder when l(s) is divided by 12?
10
Let x(d) = d**3 - d**2 - 5. Let b(i) = -i**2. Let u(p) = -4*b(p) - x(p). What is the remainder when u(4) is divided by 8?
5
Let b = 49 + -45. What is the remainder when 8 is divided by b?
0
Suppose 9 = 2*l - 39. What is the remainder when l is divided by 9?
6
Suppose -3*h - n = -793, -4*h + 4*n + 0*n = -1036. What is the remainder when h is divided by 24?
23
Calculate the remainder when 170/5 - -2*2 is divided by 2 + (-3 + 11 - -3).